posite number?
True
Is 241841129 prime?
True
Is 4127789 prime?
False
Is 9860881 prime?
True
Is 422124553 prime?
False
Is 1488559 prime?
True
Is 4437329 prime?
False
Is 117942079 a prime number?
True
Is 22759589 prime?
True
Is 1080602 a composite number?
True
Is 6821663 a prime number?
True
Is 125494241 prime?
False
Is 43300469 composite?
True
Is 19321847 prime?
True
Is 181128223 a composite number?
False
Is 10101079 a composite number?
False
Is 42634627 a composite number?
True
Is 34707857 a composite number?
True
Is 25928401 prime?
True
Is 5287327 a prime number?
True
Is 26526881 a composite number?
True
Is 969593 prime?
True
Is 208179287 prime?
True
Is 64358737 composite?
False
Is 33539059 composite?
True
Is 18548813 prime?
True
Is 102145993 a composite number?
True
Is 14509009 composite?
False
Is 3009023 a prime number?
True
Is 137826791 prime?
True
Is 1560817 a prime number?
True
Is 1725487 prime?
False
Is 19331827 a composite number?
False
Is 1350655 a prime number?
False
Is 17245703 a prime number?
False
Is 38638651 prime?
True
Is 9830861 a prime number?
True
Is 2127133 a prime number?
True
Is 158632687 prime?
True
Is 18819529 composite?
False
Is 119991358 a prime number?
False
Is 1215017 prime?
True
Is 169353785 a composite number?
True
Is 386741 composite?
True
Is 8735989 prime?
False
Is 49419187 composite?
True
Is 7621297 prime?
False
Is 11701087 a prime number?
True
Is 1708741 a composite number?
False
Is 385510453 a composite number?
False
Is 18111701 prime?
True
Is 89197687 prime?
False
Is 125025601 prime?
True
Is 899917 a prime number?
True
Is 75359597 a composite number?
True
Is 83737387 a prime number?
True
Is 47518409 a prime number?
True
Is 8447627 a prime number?
True
Is 834341 composite?
False
Is 4428947 a composite number?
False
Is 785053 prime?
True
Is 29244251 a composite number?
True
Is 6961265 a composite number?
True
Is 25026569 prime?
True
Is 5486773 composite?
False
Is 37273063 composite?
False
Is 178649 a composite number?
True
Is 138199 a composite number?
True
Is 11062217 a prime number?
True
Is 356938 prime?
False
Is 390380439 prime?
False
Is 192841307 a composite number?
True
Is 85518949 a composite number?
False
Is 3733559 prime?
False
Is 19873393 a composite number?
True
Is 271259 a prime number?
False
Is 188812801 composite?
False
Is 8703241 a prime number?
True
Is 13827507 composite?
True
Is 28803511 a composite number?
True
Is 19853711 a prime number?
False
Is 254071 a composite number?
False
Is 2803029 prime?
False
Is 238341287 composite?
False
Is 6018091 a prime number?
False
Is 9145693 composite?
False
Is 4082809 a composite number?
False
Is 399818011 composite?
True
Is 150367387 a composite number?
True
Is 27357023 a prime number?
False
Is 22629043 a prime number?
False
Is 38087449 composite?
True
Is 47365099 prime?
True
Is 48511223 composite?
False
Is 3595871 a prime number?
False
Is 426123457 a composite number?
False
Is 1191683 prime?
False
Is 1381067 prime?
False
Is 189344333 prime?
True
Is 370960949 prime?
True
Is 59487209 composite?
True
Is 5384329 a composite number?
False
Is 111222277 a prime number?
False
Is 34258457 a composite number?
False
Is 436323 composite?
True
Is 4170607 a prime number?
False
Is 8366939 a prime number?
False
Is 3228313 a prime number?
False
Is 8321287 a prime number?
False
Is 1346591 prime?
True
Is 4438429 composite?
True
Is 89331559 a prime number?
False
Is 205913 a prime number?
True
Is 35964047 composite?
True
Is 720433177 prime?
True
Is 269564587 a composite number?
False
Is 923989597 a composite number?
False
Is 61054849 a prime number?
True
Is 32997941 prime?
True
Is 24089903 a composite number?
True
Is 2833889 a prime number?
True
Is 840127543 prime?
True
Is 32428471 a prime number?
False
Is 1298177 a prime number?
False
Is 646796893 a prime number?
True
Is 345794477 prime?
False
Is 33823043 composite?
False
Is 1373611 prime?
True
Is 4045357 composite?
False
Is 2364979 prime?
False
Is 45789193 a composite number?
False
Is 33176699 composite?
False
Is 73004326 composite?
True
Is 85261641 a prime number?
False
Is 2802403 a composite number?
False
Is 39316579 a prime number?
False
Is 4277419 a composite number?
False
Is 212151 prime?
False
Is 1304477 prime?
True
Is 53096606 prime?
False
Is 1480451 a composite number?
True
Is 16429303 a composite number?
True
Is 52012769 prime?
False
Is 36036589 a composite number?
True
Is 15596617 a composite number?
False
Is 215709829 composite?
False
Is 19984361 a prime number?
True
Is 3471133 composite?
False
Is 1588108999 a composite number?
True
Is 124325477 prime?
True
Is 11991479 a prime number?
False
Is 191484341 a composite number?
False
Is 43034189 a composite number?
True
Is 16263911 a prime number?
True
Is 447380111 prime?
True
Is 700027 composite?
False
Is 10146527 a prime number?
True
Is 2750749 prime?
True
Is 576385617 composite?
True
Is 10770743 a composite number?
True
Is 93858941 a composite number?
True
Is 4986407 prime?
True
Is 6416035 a composite number?
True
Is 44346037 a prime number?
True
Is 15749717 prime?
False
Is 8085095 a composite number?
True
Is 497859305 composite?
True
Is 41033479 composite?
True
Is 13554997 a composite number?
False
Is 4480019 a prime number?
False
Is 11321509 a composite number?
False
Is 2325437 a prime number?
True
Is 11900387 a composite number?
True
Is 5118323 prime?
False
Is 211427 a prime number?
True
Is 16995739 a composite number?
False
Is 11907211 a prime number?
True
Is 14774821 a composite number?
True
Is 148810859 a composite number?
True
Is 2136691 a prime number?
False
Is 5923483 composite?
True
Is 4154261 prime?
False
Is 50053243 composite?
True
Is 447463294 composite?
True
Is 12422533 a prime number?
True
Is 25605193 prime?
False
Is 9638113 a composite number?
False
Is 549773 composite?
True
Is 16701917 prime?
False
Is 3790417 prime?
False
Is 2826827 composite?
True
Is 27710689 a composite number?
True
Is 5165077 a composite number?
False
Is 107062619 prime?
True
Is 32364253 a prime number?
False
Is 3643061 a prime number?
False
Is 25626487 prime?
True
Is 245853163 composite?
False
Is 1486993 prime?
False
Is 33543017 a composite number?
False
Is 2360653 prime?
True
Is 449759539 prime?
False
Is 556777 composite?
True
Is 46821143 a composite number?
False
Is 431934589 a composite number?
True
Is 195217707 composite?
True
Is 9712607 a prime number?
False
Is 101064563 prime?
True
Is 293617 composite?
False
Is 18650131 a prime number?
False
Is 961789585 composite?
True
Is 581465 a prime number?
False
Is 200772578 prime?
False
Is 7083539 a composite number?
True
Is 12984863 a composite number?
True
Is 511057 a composite number?
False
Is 209771 a prime number?
True
Is 869291 prime?
True
Is 184859357 a composite number?
True
Is 6525947 a prime number?
True
Is 18484121 prime?
False
Is 186255293 composite?
True
Is 891483 a composite number?
True
Is 206833537 prime?
False
Is 136161049 prime?
False
Is 5528833 a prime number?
False
Is 25312687 a prime number?
True
Is 40389199 prime?
False
Is 21943567 a composite number?
True
Is 4604491 composite?
False
Is 3139363 a composite number?
False
Is 3894619 a composite number?
False
Is 7023553 a prime number?
False
Is 2676887 composite?
False
Is 23602133 prime?
True
Is 49615073 composite?
True
Is 33926647 a composite number?
True
Is 514223 composite?
True
Is 10981627 a composite number?
False
Is 78596951 prime?
True
Is 186037 a prime number?
True
Is 1363 composite?
True
Is 4043726 a prime number?
False
Is 3406619 composite?
False
Is 11136733 composite?
False
Is 12764251 composite?
False
Is 30366023 prime?
True
Is 143337407 prime?
False
Is 211851979 composite?
False
Is 33426543 prime?
False
Is 18973327 prime?
True
Is 2239049 composite?
False
Is 35688691 a composite number?
False
Is 131959 a prime number?
True
Is 1291313 a composite number?
False
Is 43506209 composite?
False
Is 67124221 composite?
True
Is 3542809 a composite number?
False
Is 1121569 prime?
False
Is 6249209 a composite number?
True
Is 181205171 a prime number?
False
Is 54644071 prime?
False
Is 4258783 prime?
False
Is 270269 a composite number?
False
Is 3780367 a prime number?
True
Is 1542531 composite?
True
Is 13419733 a composite number?
True
Is 149239 composite?
False